
Let w(f) = f**2 + 8*f + 9. Let z(a) = -a**2 + a + 14. Let m = 13 + -8. Let d be z(m). Give w(d).
-3
Let y(c) = 6*c - 28. Suppose 14*o - 25 = 59. Give y(o).
8
Let x(b) = b - 2. Suppose -2*a + 34 - 24 = 0. Calculate x(a).
3
Let d(z) = -z**2 + 14*z - 49. Let j be d(8). Let g(c) = -20*c + 1. What is g(j)?
21
Let d(z) = 4*z - 1. Let o(g) = -3*g + 1. Let f(u) = 4*d(u) + 5*o(u). Let l(c) = c**2 + 11*c + 7. Let j(a) = -5*f(a) + l(a). Give j(-5).
-3
Let c = 172 + -180. Let m(b) = -b**2 - 10*b - 3. What is m(c)?
13
Suppose 2*j + 0*j + 26 = 0. Let o(a) = 5*a - 16. Let c(f) = -11*f + 33. Let m(k) = j*o(k) - 6*c(k). What is m(-8)?
2
Let s be 3 + -1*12/4. Let r(w) = 2*w + 7. Let t(c) = -3*c - 15. Let o(z) = 5*r(z) + 3*t(z). What is o(s)?
-10
Let b(i) be the second derivative of i**5/120 - i**4/3 + 5*i**3/6 + 19*i. Let k(p) be the second derivative of b(p). Calculate k(4).
-4
Let t(m) = 5*m - 27. Let f be t(6). Let k(b) = -b**3 + 3*b**2 + 2*b + 1. What is k(f)?
7
Let b(f) = -6 + 24 - 8 - 8 + f. Determine b(6).
8
Let a(i) = -2*i**2 + 4*i + 5. Let u(q) = -6*q**2 + 16*q + 18. Let g(w) = 6*w**2 - 15*w - 17. Let v(b) = 4*g(b) + 3*u(b). Let r(z) = 11*a(z) + 4*v(z). Give r(4).
15
Let d(b) = b - 2. Let t(f) = 5*f - 3. Let l(j) = 2*d(j) - t(j). Suppose -2*x = -6*x + s + 9, -5*x + 27 = 4*s. Let g(r) = r**2 - r - 3. Let m be g(x). Give l(m).
-10
Let l = 75 - 76. Let t(m) = 6*m. Give t(l).
-6
Let o(i) = i - 4. Let x be 5/((-4)/(-3 - 1)). Let k be -5 + x - (-30)/2. Let r = -10 + k. Determine o(r).
1
Let b(c) be the second derivative of 7*c + 0*c**2 + 0 + 5/6*c**3. Suppose -p - 8 = 3*p. Calculate b(p).
-10
Let p(s) = -70 - 67 + 215 - s - 75. Let d(o) = o**2 - 2*o. Let k be d(2). Determine p(k).
3
Suppose -5*q = -108 + 128. Let y(s) = -s**3 - 4*s**2 - 2*s. Calculate y(q).
8
Let o(x) = -x + 15. Let z be o(14). Let f be (0 - z/(-2))*12. Let n(u) = -u**3 + 7*u**2 - 9*u - 8. Let t(q) = q + 1. Let h(v) = -n(v) - 4*t(v). Calculate h(f).
-2
Let l(z) = -2*z**3 + 8*z - 3*z + 3*z**3 + 1 + 6*z**2. Let r be 0 + 3 - (-11 - 10). Let n = r + -28. Give l(n).
13
Let k(c) = c. Let a(h) = 4*h + 3. Let l be a(2). Let w = l - 14. Let n = w + 9. Calculate k(n).
6
Let o(x) be the second derivative of x**4/6 - x**3/2 - 9*x**2/2 + 159*x. Determine o(4).
11
Let m(b) = -3*b - b + 0 - 1 - b**2 + 0*b. Let i be m(-4). Let t(k) = 11*k**3 - 3*k**2 + 3*k + 1. Let d(j) = -j**2 + j. Let u(l) = 3*d(l) - t(l). Determine u(i).
10
Suppose -37*v + 27 = -46*v. Let j(x) = -3*x**3 + 4*x**3 - 3*x**2 + 6*x**2 + x. Determine j(v).
-3
Let o(p) = -2*p**2 - 159*p**3 + 72*p**3 + 84*p**3 + p**2. Give o(1).
-4
Let a = 42 + -21. Let b(f) = -35*f - 10 + a*f + 12*f. Determine b(-8).
6
Let t(s) = 12*s + 0*s + 0*s + 8*s - 23*s - 5. What is t(2)?
-11
Suppose 0 = 6*p - 2*p - 8. Suppose p*y + 6 = v, -y + 0*y = 1. Let d(i) = v + 8*i**3 + 5*i + i**3 - 8*i**3 + 5*i**2. Give d(-4).
0
Let z(k) = -k**3 + 14*k**2 + k - 11. Let l = 477 + -463. What is z(l)?
3
Let g(h) = h**2 + h - 4. Let v = 28 + -25. Suppose 0 = v*i - 31 + 13. Suppose r + 10 = -3*z - 8, i = 3*r - 3*z. Give g(r).
2
Suppose -4*r = f - 172, -f = 6*r - r - 215. Let p = 29 - r. Let y = p - -11. Let b(n) = -n - 4. Determine b(y).
-1
Suppose 2*l + 1 + 3 = 0. Let n(k) = k**3 - 2*k**2 + k + 1. Let d(p) = -p**3 + p**2. Let x(a) = 2*d(a) + n(a). Give x(l).
7
Let q(l) = 5*l**2 - l + 2. Let h be q(-2). Let b be h/30*2*5. Let p(x) = 0 + 7*x - 7 + b + 2*x. Give p(1).
10
Let z(i) = -15*i**3 - 9*i**2 - 14*i - 3. Let w(r) = 10*r**3 + 6*r**2 + 9*r + 2. Let q(d) = -8*w(d) - 5*z(d). Calculate q(-2).
31
Suppose 3*f + 0*f - 16 = -5*p, -3*f = -2*p - 2. Let m(d) = -3*d**3 - 2*d**2 + d. Let u(j) = -j**3. Let v(b) = m(b) - 4*u(b). Give v(p).
2
Suppose 4 = 24*j - 25*j. Let i(q) = q + 9. Let a(v) = 2*v + 18. Let n(t) = -4*a(t) + 7*i(t). Give n(j).
-5
Let r(h) = 9 - 9*h - 18 + 22 + h**3 - 8*h**2 - h. Give r(9).
4
Let o(k) = k - 14. Let l(j) = j**3 + 13*j**2 - 42*j - 167. Let g be l(-15). What is o(g)?
-1
Let n(j) = -j**3 + 6*j**2 + 8*j - 12. Suppose -17 = -4*o + 11. What is n(o)?
-5
Let n(i) be the third derivative of 1/3*i**4 + 0*i + 0 - 5/6*i**3 + 1/10*i**5 - 4*i**2 - 1/120*i**6. What is n(7)?
2
Let b(q) = -q**2 + 7*q - 25. Let o be b(6). Let i = 15 + o. Let d(x) = 2*x**2 + 5*x + 4. Determine d(i).
16
Let a(c) be the third derivative of 0*c + 1/12*c**4 + 0 - 16*c**2 + 1/3*c**3. Determine a(8).
18
Let m(z) = -6*z - 2. Suppose 25*j = 28*j - w + 14, 2*j - 2*w + 16 = 0. Give m(j).
16
Let s(w) = -2*w**3 + 5*w**2 - 2*w + 1. Let t be ((-42)/56)/((-1)/4*1). Give s(t).
-14
Let i(z) = 313*z**2 - 157*z**2 - 13*z - 168*z**2 - z**3 - 2. What is i(-11)?
20
Let a(j) = -j**2 - 12*j + 5. Suppose 0 = d + 3, 0 = -5*q + 12*d - 10*d - 54. Calculate a(q).
5
Let g(c) be the first derivative of -5*c**2 - 3*c - 34. Calculate g(-2).
17
Let z(s) = 2*s - 5. Let t be z(2). Let x be (t + 4 - 3)/1. Let o(w) = -3*w - 2*w**3 - 6*w**2 - 3 + 3*w**2 + 3*w**3 + x*w**2. Give o(4).
1
Let i(s) be the second derivative of -s**5/20 - 7*s**4/12 + 7*s**3/6 - 9*s**2/2 + 2*s - 45. Give i(-8).
-1
Let s(h) = 23*h + 0*h - 6 + 16*h - 16*h - 3*h**2 + 14. Give s(8).
0
Let d(m) = -m**3 - 10*m**2 - 11*m + 7. Let b(p) = -7*p**3 - 2*p**2 + 9*p - 8. Let o be b(1). Give d(o).
-33
Let w(k) be the third derivative of k**6/40 - k**5/15 - k**4/12 + k**3/3 - 3*k**2 - k. Calculate w(3).
41
Let g(h) be the first derivative of h**5/20 - h**4/3 + h**2/2 - h + 29. Let x(f) be the first derivative of g(f). Calculate x(2).
-7
Let h be 0*((-1)/5 - (-4)/(-30)). Let p(x) = 4*x**3 - 3*x**3 - 7*x**2 + 6*x**2 + x + 0*x - 2. Determine p(h).
-2
Let d(m) = m**3 + 8*m**2 + 9*m - 2. Let g = -869 - -862. Give d(g).
-16
Let x(w) = 5 + 2*w**2 - 6*w - 4*w**2 + w**2. Let m be (-1 + 4)*3*(-2)/(-6). Let l be 0/(-5) - 2 - m. Give x(l).
10
Suppose 3*j = 4*z - 75, 3*z + 10*j - 8*j - 35 = 0. Let x(i) = -i**3 + 15*i**2 - 2*i + 37. What is x(z)?
7
Let t(b) = -2*b - 6. Suppose -g = -4*s - 18, -5*s = 3*g + 2*g + 10. Let u(d) = 8*d + 37. Let i be u(s). What is t(i)?
-16
Let i = 17 + -14. Let t(c) = 38 + c**3 - 4*c - 2*c - 36 - i*c**2. Determine t(4).
-6
Let o(v) = -386 + 6*v**2 + v - 388 + 775. What is o(-1)?
6
Suppose 0 = 10*l - 12 - 8. Let f(i) = -2*i + i**l - 4 - 4 + 7. Give f(2).
-1
Let o(r) = -3*r**2 - 4*r. Let f be 3/(-2)*(-24)/18. Let b(x) = -x**2 - x. Suppose -4*n + 0*n = -d - 1, -4*d - 4 = 5*n. Let y(a) = d*o(a) + f*b(a). Give y(-4).
8
Let f(h) = 2*h**2 + 12*h + 10. Let m = -125 - -120. Let y be f(m). Let p(r) = -r**3 + r**2 - r - 16. What is p(y)?
-16
Suppose -2*i + 44 = 4*w, -3*w - 2*w = 5*i - 45. Let r = -11 + w. Let c(u) = 0*u + 0 - 2*u - u**3 + 0 + u**r. Calculate c(2).
-8
Let v(a) = -a**3 + 2*a**2 - a. Suppose 0 = 4*y - 4, -3*n = -0*n + 4*y + 71. Let k = -23 - n. Give v(k).
-2
Let j(b) = b - 1. Let z(l) = -l. Let d(m) = -6*m - 11. Let h(f) = d(f) - 4*z(f). Let o be h(-11). Let r = o + -11. Determine j(r).
-1
Let j(n) = n**3 + 5*n**2 + 4*n + 1. Suppose -66 = 8*c + 478. Let x = c + 64. What is j(x)?
1
Let q(v) = -v - 2. Let r be 5*6/(-75)*-5. Suppose t = r*t. Let m = -3 - t. Determine q(m).
1
Suppose -2*l + 5*y = -7*l + 140, -4*l = y - 97. Let a(q) = 16*q - q**3 - l*q + 12*q + 5*q**2 + 0*q**2. Determine a(6).
-6
Let g(l) = 4*l. Let s(z) = -z**2 - 7*z + 2. Let a be s(-7). Suppose a*u - 1 - 5 = 0. Suppose -11 = -j + 2*i, 0 = 2*i + 7 + u. Give g(j).
4
Let q(f) = -f**2 - 9*f + 14. Suppose 3*c = 5*j - 12, 7*j + 3*c - 6 = 6*j. Suppose -2*k - 2*n = 11 + j, -3*n + 39 = -3*k. Determine q(k).
4
Let m(r) = -2*r - 10*r - 7 - 5*r + 19*r. Give m(-4).
-15
Let t be 4*3/4 + -11. Let s(w) = 9*w**2 + 7*w - 4 + 4 + w**3. What is s(t)?
8
Let m(d) = -d - 4. Let t(h) be the second derivative of -h**4/12 + h**3 - 11*h**2/2 + 9*h. Let l be t(5). Give m(l).
2
Let g(o) = -19 + 6*o**2 - 19 - 3*o + 40. Give g(2).
20
Let p(b) = -b**3 - b**2 + b. Let x(h) = 2*h**2 + h - 3. Let n be x(-2). Suppose 0 = a + d - n, a + 19 = 5*d - 8. Determine p(a).
2
Let o(l) = -2*l + 4. Let i(t) = 1. Let v(q) = 18*i(q) - 4*o(q). Determine v(-1).
-6
Let g(t) = 117 + t - 341 + 118 + 117. Give g(-12).
-1
Let u(k) = 261 - 108 + k - 137. Calculate u(-16).
0
Let q(n) be the second derivative of n + 1/6*n**3 + 0 + 7/2*n**2. Let u(b) = 97*b - 5820. Let l be u(60). Give q(l).
7
Let t(u) = 12*u - 1. Suppose 2*r + 12*a - 13*a = -5, -1 =